{"id":32,"date":"2020-11-14T14:22:48","date_gmt":"2020-11-14T14:22:48","guid":{"rendered":"http:\/\/lechiavidorofaipa.org\/?page_id=32"},"modified":"2020-12-26T16:39:20","modified_gmt":"2020-12-26T16:39:20","slug":"chi-siamo","status":"publish","type":"page","link":"https:\/\/lechiavidorofaipa.org\/?page_id=32","title":{"rendered":"Chi siamo"},"content":{"rendered":"\r\n<p>Le Chiavi D&#8217;Oro FAIPA<\/p>\r\n\r\n\r\n\r\n<p>1) Le Chiavi D&#8217;Oro FAIPA ( Federazione delle Associazioni Italiane dei Portieri d\u2019Albergo e Front Office ) sono una giovane Associazione amicale dei \u201c Professionisti dell&#8217;Ospitalit\u00e0 e dell&#8217;Accoglienza italiana \u201c derivante dalla storica tradizione dei portieri d&#8217;albergo \/ concierges della FIPA ( Federazione Italiana Portieri d\u2019Albergo. ) I nostri associati lavorano sia in banchi separati di Portineria, Conciergerie e Ricevimento sia nei banchi unici dei Front Desk. Li riconoscete dal loro sorriso e nel calore nell&#8217;accogliere gli \u201c Ospiti \u201c.<\/p>\r\n\r\n\r\n\r\n<p>2) Siamo da sempre definiti come \u201c Il Biglietto da visita \u201c delle strutture dove lavoriamo. L&#8217;evoluzione dalla figura tradizionale del turista a quello del moderno viaggiatore ci porta ad essere sempre pi\u00f9 legati al territorio, la sua storia, l&#8217;arte, le tradizioni e memorie, l&#8217;enogastronomia e diventare dei veri e propri \u201c Ambasciatori \u201c dell\u2019 Italia nel mondo.<\/p>\r\n\r\n\r\n\r\n<p>La nostra figura professionale adeguandosi alle esigenze dei viaggiatori, ci fa identificare, a pieno titolo, come parte integrante del Made in Italy.<\/p>\r\n\r\n\r\n\r\n<p>3) Collaboriamo attivamente negli Istituti alberghieri per accompagnare gli studenti ad uno studio pratico ed attuale della nostra professione con percorsi di Alternanza Scuola-Lavoro guidati con una formula di uno studente per tutor.<\/p>\r\n\r\n\r\n\r\n<p>Organizziamo, per i nostri associati e non solo, seminari ed incontri in varie citt\u00e0 italiane che sono dei veri e propri momenti di crescita ed aggiornamento professionale.<\/p>\r\n\r\n\r\n\r\n<p>4) Tutte le strutture che ospitano i moderni viaggiatori hanno bisogno dei Professionisti dell&#8217;ospitalit\u00e0 e dell&#8217;accoglienza italiana de Le Chiavi D&#8217;Oro FAIPA. Le nostre Associate ed i nostri Associati sono preparati a ricoprire tutte le mansioni dei moderni Front desk quali prenotazioni, ricevimento, cassa e conciergerie con quel tocco di Ospitalit\u00e0 ed accoglienza italiana combinata ad una spiccata propensione alla vendita dei servizi delle strutture ricettive di appartenenza.<\/p>\r\n\r\n\r\n\r\n<p>5) Questa professione \u00e8 una \u201c vocazione \u2018 ed una vera e propria \u201c passione \u201c.<\/p>\r\n\r\n\r\n\r\n<p>Per me \u201c Fare Ospitalit\u00e0 \u201c \u00e8 una tradizione di famiglia che si rinnova da generazioni, un modo per rappresentare con orgoglio l&#8217;Italia.<\/p>\r\n\r\n\r\n\r\n<p>6) Le opportunit\u00e0 di lavoro per il mondo dell&#8217;ospitalit\u00e0 e dell&#8217;accoglienza nel mondo ed in Italia sono innumerevoli. Il compenso prima era legato generalmente alla preparazione ed alla esperienza. Purtroppo adesso si guarda pi\u00f9 al costo del personale che alla sua effettiva produttivit\u00e0 ed efficienza. Per invertire questa tendenza nel settore turistico \/ alberghiero e nel lavoro dipendente in genere, sarebbe auspicabile il taglio del cuneo fiscale che favorirebbe sia gli imprenditori che i dipendenti come gi\u00e0 sottolineato dal nostro Presidente della Repubblica Mattarella in occasione della festa del 1 Maggio.<\/p>\r\n\r\n\r\n\r\n<p>In questo modo si potrebbe tornare ad una rivalutazione della \u201c Professionalit\u00e0 \u201c e del\u201c Merito. \u201c<\/p>\r\n\r\n\r\n\r\n<p>7) Chi vuole intraprendere il ruolo di Professionista dell&#8217;Accoglienza e dell&#8217;Ospitalit\u00e0 italiana deve essere conscio del fatto che si lavora su turni, nei fine settimana e soprattutto nelle maggior parte delle festivit\u00e0.<\/p>\r\n\r\n\r\n\r\n<p>Reperire personale qualificato \u00e8 facile se si \u00e8 disposti ad investire in una retribuzione adeguata. Difficile \u00e8 trovare \u201c Giovani \u201c con esperienza\u2026<\/p>\r\n\r\n\r\n\r\n<p>8) Le Chiavi D&#8217;Oro FAIPA sono differenti!<\/p>\r\n\r\n\r\n\r\n<p>Siamo un&#8217;associazione giovane, aperta ed al passo con i tempi.<\/p>\r\n\r\n\r\n\r\n<p>Le nostre Colleghe sono un valore aggiunto, sono in costante aumento e rappresentano una ottima percentuale fra gli iscritti.<\/p>\r\n\r\n\r\n\r\n<p>9) Le Associazioni in genere sono delle palestre di vita. Far parte de Le Chiavi D&#8217;Oro FAIPA \u00e8 darsi una possibilit\u00e0 di crescita umana e professionale.<\/p>\r\n\r\n\r\n\r\n<p>Chi vuole far parte della nostra grande \u201c Famiglia \u201d ed il termine famiglia non \u00e8 usato a caso, aderisce ai nostri valori fondanti quali Amicizia, Solidariet\u00e0 e Rispetto e fa proprio il motto: Il Servizio e l&#8217;Ospitalit\u00e0 d&#8217;Eccellenza come Obiettivi. L&#8217;Amichevole Colleganza fra Associati come Valore.<\/p>\r\n\r\n\r\n\r\n<p>10) Avere una visione di crescita e speranza per l&#8217;Italia del futuro nel campo del Turismo di qualit\u00e0, non pu\u00f2 prescindere da un&#8217;azione sistemica delle associazioni che compongono Solidus, sia dal punto di vista propositivo che di garanzia di quel tipo di Ospitalit\u00e0 definito<\/p>\r\n\r\n\r\n\r\n<p>\u201c all&#8217;italiana \u201c identificato a pieno titolo come parte integrante del famoso Made in Italy riconosciuto da tutti nel mondo.<\/p>\r\n<p><div class=\"eds-animate edsanimate-sis-hidden \" data-eds-entry-animation=\"bounceIn\" data-eds-entry-delay=\"0\" data-eds-entry-duration=\"5\" data-eds-entry-timing=\"linear\" data-eds-exit-animation=\"\" data-eds-exit-delay=\"\" data-eds-exit-duration=\"\" data-eds-exit-timing=\"\" data-eds-repeat-count=\"1\" data-eds-keep=\"yes\" data-eds-animate-on=\"load\" data-eds-scroll-offset=\"\"><img loading=\"lazy\" decoding=\"async\" class=\"alignnone size-medium wp-image-371\" src=\"http:\/\/lechiavidorofaipa.org\/wp-content\/uploads\/2020\/12\/IMG_20191123_230159-300x225.jpg\" alt=\"\" width=\"300\" height=\"225\" srcset=\"https:\/\/lechiavidorofaipa.org\/wp-content\/uploads\/2020\/12\/IMG_20191123_230159-300x225.jpg 300w, https:\/\/lechiavidorofaipa.org\/wp-content\/uploads\/2020\/12\/IMG_20191123_230159-1024x768.jpg 1024w, https:\/\/lechiavidorofaipa.org\/wp-content\/uploads\/2020\/12\/IMG_20191123_230159-768x576.jpg 768w, https:\/\/lechiavidorofaipa.org\/wp-content\/uploads\/2020\/12\/IMG_20191123_230159-1536x1152.jpg 1536w, https:\/\/lechiavidorofaipa.org\/wp-content\/uploads\/2020\/12\/IMG_20191123_230159-2048x1536.jpg 2048w, https:\/\/lechiavidorofaipa.org\/wp-content\/uploads\/2020\/12\/IMG_20191123_230159-1200x900.jpg 1200w, https:\/\/lechiavidorofaipa.org\/wp-content\/uploads\/2020\/12\/IMG_20191123_230159-1980x1485.jpg 1980w\" sizes=\"auto, (max-width: 300px) 100vw, 300px\" \/><\/div><\/p>\r\n","protected":false},"excerpt":{"rendered":"<p>Le Chiavi D&#8217;Oro FAIPA 1) Le Chiavi D&#8217;Oro FAIPA ( Federazione delle Associazioni Italiane dei Portieri d\u2019Albergo e Front Office ) sono una giovane Associazione amicale dei \u201c Professionisti dell&#8217;Ospitalit\u00e0 e dell&#8217;Accoglienza italiana \u201c derivante dalla storica tradizione dei portieri d&#8217;albergo \/ concierges della FIPA ( Federazione Italiana Portieri d\u2019Albergo. ) I nostri associati lavorano [&hellip;]<\/p>\n","protected":false},"author":1,"featured_media":0,"parent":0,"menu_order":0,"comment_status":"closed","ping_status":"closed","template":"","meta":{"footnotes":""},"class_list":["post-32","page","type-page","status-publish","hentry"],"_links":{"self":[{"href":"https:\/\/lechiavidorofaipa.org\/index.php?rest_route=\/wp\/v2\/pages\/32","targetHints":{"allow":["GET"]}}],"collection":[{"href":"https:\/\/lechiavidorofaipa.org\/index.php?rest_route=\/wp\/v2\/pages"}],"about":[{"href":"https:\/\/lechiavidorofaipa.org\/index.php?rest_route=\/wp\/v2\/types\/page"}],"author":[{"embeddable":true,"href":"https:\/\/lechiavidorofaipa.org\/index.php?rest_route=\/wp\/v2\/users\/1"}],"replies":[{"embeddable":true,"href":"https:\/\/lechiavidorofaipa.org\/index.php?rest_route=%2Fwp%2Fv2%2Fcomments&post=32"}],"version-history":[{"count":4,"href":"https:\/\/lechiavidorofaipa.org\/index.php?rest_route=\/wp\/v2\/pages\/32\/revisions"}],"predecessor-version":[{"id":373,"href":"https:\/\/lechiavidorofaipa.org\/index.php?rest_route=\/wp\/v2\/pages\/32\/revisions\/373"}],"wp:attachment":[{"href":"https:\/\/lechiavidorofaipa.org\/index.php?rest_route=%2Fwp%2Fv2%2Fmedia&parent=32"}],"curies":[{"name":"wp","href":"https:\/\/api.w.org\/{rel}","templated":true}]}}